{"id":1516,"date":"2017-11-17T13:43:32","date_gmt":"2017-11-17T15:43:32","guid":{"rendered":"http:\/\/150.164.104.182:8080\/direito\/?page_id=1516"},"modified":"2020-06-24T12:53:43","modified_gmt":"2020-06-24T15:53:43","slug":"editais","status":"publish","type":"page","link":"https:\/\/ciranda.direito.ufmg.br\/index.php\/editais\/","title":{"rendered":"Editais"},"content":{"rendered":"<h3>Edital N\u00ba 01\/2018 &#8211; Processo Seletivo para admiss\u00e3o de Pesquisadores e Extensionistas<\/h3>\r\n<p><a href=\"https:\/\/ciranda.direito.ufmg.br\/wp-content\/uploads\/2018\/09\/Edital-01-2018-Pesquisadoraor-e-Extensionista-Ciranda.pdf\">Edital N\u00ba 01\/2018 &#8211; Pesquisadores e Extensionistas Ciranda<\/a><\/p>\r\n<p><a href=\"https:\/\/ciranda.direito.ufmg.br\/wp-content\/uploads\/2018\/09\/Retifica\u00e7\u00e3o-Edital-volunt\u00e1rio-Ciranda.pdf\">Retifica\u00e7\u00e3o Edital N\u00ba 01\/2018<\/a><\/p>\r\n<p><a href=\"https:\/\/ciranda.direito.ufmg.br\/wp-content\/uploads\/2018\/09\/Resultado-Final-Edital-volunt\u00e1rio-Ciranda.pdf\">Resultado Final &#8211; Edital N\u00ba 01\/2018<\/a><\/p>\r\n<p><a href=\"https:\/\/ciranda.direito.ufmg.br\/wp-content\/uploads\/2019\/08\/PROCESSO-SELETIVO-PARA-ADMISS\u00c3O-DE-PESQUISADOR-E-EXTENSIONISTA-VOLUNT\u00c1RIO-1.pdf\">Edital N\u00ba 01\/2019 &#8211; Pesquisadores e Extensionistas Ciranda<\/a><\/p>\r\n\r\n<p><a href=\"https:\/\/ciranda.direito.ufmg.br\/wp-content\/uploads\/2019\/09\/Resultado-Final-Edital-2019.pdf\">Resultado Final &#8211; Edital N\u00ba 01\/2019<\/a><\/p>\r\n<p><a href=\"https:\/\/ciranda.direito.ufmg.br\/wp-content\/uploads\/2020\/03\/Edital-2020.pdf\">Edital N\u00ba 01\/2020 &#8211; Pesquisadores e Extensionistas Ciranda<\/a><\/p>\r\n\r\n\r\n\r\n<div class=\"wp-block-file\"><a href=\"https:\/\/ciranda.direito.ufmg.br\/wp-content\/uploads\/2020\/03\/Retifica\u00e7\u00e3o-do-Edital-para-Sele\u00e7\u00e3o-de-Novos-Pesquisadores-e-Extensionistas-2020-5.pdf\">Retifica\u00e7\u00e3o do Edital N\u00ba01\/2020 &#8211; Pesquisadores e Extensionistas Ciranda <\/a><a href=\"https:\/\/ciranda.direito.ufmg.br\/wp-content\/uploads\/2020\/03\/Retifica\u00e7\u00e3o-do-Edital-para-Sele\u00e7\u00e3o-de-Novos-Pesquisadores-e-Extensionistas-2020-5.pdf\"><\/a>\r\n<div class=\"wp-block-file\"><a href=\"https:\/\/ciranda.direito.ufmg.br\/wp-content\/uploads\/2020\/03\/Retifica\u00e7\u00e3o-Suspen\u00e7\u00e3o-do-Edital-2020-2.pdf\">Retifica\u00e7\u00e3o do Edital N\u00ba01\/2020 &#8211; Pesquisadores e Extensionistas Ciranda &#8211; Suspen\u00e7\u00e3o<\/a><a href=\"https:\/\/ciranda.direito.ufmg.br\/wp-content\/uploads\/2020\/03\/Retifica\u00e7\u00e3o-Suspen\u00e7\u00e3o-do-Edital-2020-2.pdf\"> \r\n\r\n<\/a>\r\n<p>&nbsp;<\/p>\r\n<p><a href=\"https:\/\/ciranda.direito.ufmg.br\/wp-content\/uploads\/2020\/03\/Edital-20201.pdf\">Vers\u00e3o Final Edital 2020 N\u00ba01\/2020 &#8211; Pesquisadores e Extensionistas Ciranda<\/a><\/p>\r\n<p><a href=\"https:\/\/ciranda.direito.ufmg.br\/wp-content\/uploads\/2020\/06\/Resultado-Final-Edital-2020.pdf\"><span style=\"font-size: 14pt;\">Resultado Final &#8211; Edital 2020<\/span><\/a><\/p>\r\n<a href=\"https:\/\/ciranda.direito.ufmg.br\/wp-content\/uploads\/2020\/03\/Retifica\u00e7\u00e3o-Suspen\u00e7\u00e3o-do-Edital-2020-2.pdf\"><\/a><\/div>\r\n<\/div>","protected":false},"excerpt":{"rendered":"<p>Edital N\u00ba 01\/2018 &#8211; Processo Seletivo para admiss\u00e3o de Pesquisadores e Extensionistas Edital N\u00ba 01\/2018 &#8211; Pesquisadores e Extensionistas Ciranda Retifica\u00e7\u00e3o Edital N\u00ba 01\/2018 Resultado Final &#8211; Edital N\u00ba 01\/2018 Edital N\u00ba 01\/2019 &#8211; Pesquisadores<br \/><a class=\"read-more\" href=\"https:\/\/ciranda.direito.ufmg.br\/index.php\/editais\/\">Read More<\/a><\/p>\n","protected":false},"author":1,"featured_media":0,"parent":0,"menu_order":0,"comment_status":"closed","ping_status":"closed","template":"","meta":{"footnotes":""},"class_list":["post-1516","page","type-page","status-publish","hentry"],"yoast_head":"<!-- This site is optimized with the Yoast SEO plugin v25.3 - https:\/\/yoast.com\/wordpress\/plugins\/seo\/ -->\n<title>Editais - Ciranda<\/title>\n<meta name=\"robots\" content=\"index, follow, max-snippet:-1, max-image-preview:large, max-video-preview:-1\" \/>\n<link rel=\"canonical\" href=\"https:\/\/ciranda.direito.ufmg.br\/index.php\/editais\/\" \/>\n<meta property=\"og:locale\" content=\"pt_BR\" \/>\n<meta property=\"og:type\" content=\"article\" \/>\n<meta property=\"og:title\" content=\"Editais - Ciranda\" \/>\n<meta property=\"og:description\" content=\"Edital N\u00ba 01\/2018 &#8211; Processo Seletivo para admiss\u00e3o de Pesquisadores e Extensionistas Edital N\u00ba 01\/2018 &#8211; Pesquisadores e Extensionistas Ciranda Retifica\u00e7\u00e3o Edital N\u00ba 01\/2018 Resultado Final &#8211; Edital N\u00ba 01\/2018 Edital N\u00ba 01\/2019 &#8211; PesquisadoresRead More\" \/>\n<meta property=\"og:url\" content=\"https:\/\/ciranda.direito.ufmg.br\/index.php\/editais\/\" \/>\n<meta property=\"og:site_name\" content=\"Ciranda\" \/>\n<meta property=\"article:publisher\" content=\"https:\/\/www.facebook.com\/cirandaufmg\/\" \/>\n<meta property=\"article:modified_time\" content=\"2020-06-24T15:53:43+00:00\" \/>\n<meta name=\"twitter:card\" content=\"summary_large_image\" \/>\n<script type=\"application\/ld+json\" class=\"yoast-schema-graph\">{\"@context\":\"https:\/\/schema.org\",\"@graph\":[{\"@type\":\"WebPage\",\"@id\":\"https:\/\/ciranda.direito.ufmg.br\/index.php\/editais\/\",\"url\":\"https:\/\/ciranda.direito.ufmg.br\/index.php\/editais\/\",\"name\":\"Editais - Ciranda\",\"isPartOf\":{\"@id\":\"https:\/\/ciranda.direito.ufmg.br\/#website\"},\"datePublished\":\"2017-11-17T15:43:32+00:00\",\"dateModified\":\"2020-06-24T15:53:43+00:00\",\"breadcrumb\":{\"@id\":\"https:\/\/ciranda.direito.ufmg.br\/index.php\/editais\/#breadcrumb\"},\"inLanguage\":\"pt-BR\",\"potentialAction\":[{\"@type\":\"ReadAction\",\"target\":[\"https:\/\/ciranda.direito.ufmg.br\/index.php\/editais\/\"]}]},{\"@type\":\"BreadcrumbList\",\"@id\":\"https:\/\/ciranda.direito.ufmg.br\/index.php\/editais\/#breadcrumb\",\"itemListElement\":[{\"@type\":\"ListItem\",\"position\":1,\"name\":\"In\u00edcio\",\"item\":\"https:\/\/ciranda.direito.ufmg.br\/\"},{\"@type\":\"ListItem\",\"position\":2,\"name\":\"Editais\"}]},{\"@type\":\"WebSite\",\"@id\":\"https:\/\/ciranda.direito.ufmg.br\/#website\",\"url\":\"https:\/\/ciranda.direito.ufmg.br\/\",\"name\":\"Ciranda\",\"description\":\"Justi\u00e7a Restaurativa\",\"publisher\":{\"@id\":\"https:\/\/ciranda.direito.ufmg.br\/#organization\"},\"potentialAction\":[{\"@type\":\"SearchAction\",\"target\":{\"@type\":\"EntryPoint\",\"urlTemplate\":\"https:\/\/ciranda.direito.ufmg.br\/?s={search_term_string}\"},\"query-input\":{\"@type\":\"PropertyValueSpecification\",\"valueRequired\":true,\"valueName\":\"search_term_string\"}}],\"inLanguage\":\"pt-BR\"},{\"@type\":\"Organization\",\"@id\":\"https:\/\/ciranda.direito.ufmg.br\/#organization\",\"name\":\"Ciranda\",\"url\":\"https:\/\/ciranda.direito.ufmg.br\/\",\"logo\":{\"@type\":\"ImageObject\",\"inLanguage\":\"pt-BR\",\"@id\":\"https:\/\/ciranda.direito.ufmg.br\/#\/schema\/logo\/image\/\",\"url\":\"https:\/\/ciranda.direito.ufmg.br\/wp-content\/uploads\/2018\/08\/ciranda-logo-com-nome.png\",\"contentUrl\":\"https:\/\/ciranda.direito.ufmg.br\/wp-content\/uploads\/2018\/08\/ciranda-logo-com-nome.png\",\"width\":840,\"height\":700,\"caption\":\"Ciranda\"},\"image\":{\"@id\":\"https:\/\/ciranda.direito.ufmg.br\/#\/schema\/logo\/image\/\"},\"sameAs\":[\"https:\/\/www.facebook.com\/cirandaufmg\/\",\"https:\/\/www.instagram.com\/cirandaufmg\/\"]}]}<\/script>\n<!-- \/ Yoast SEO plugin. -->","yoast_head_json":{"title":"Editais - Ciranda","robots":{"index":"index","follow":"follow","max-snippet":"max-snippet:-1","max-image-preview":"max-image-preview:large","max-video-preview":"max-video-preview:-1"},"canonical":"https:\/\/ciranda.direito.ufmg.br\/index.php\/editais\/","og_locale":"pt_BR","og_type":"article","og_title":"Editais - Ciranda","og_description":"Edital N\u00ba 01\/2018 &#8211; Processo Seletivo para admiss\u00e3o de Pesquisadores e Extensionistas Edital N\u00ba 01\/2018 &#8211; Pesquisadores e Extensionistas Ciranda Retifica\u00e7\u00e3o Edital N\u00ba 01\/2018 Resultado Final &#8211; Edital N\u00ba 01\/2018 Edital N\u00ba 01\/2019 &#8211; PesquisadoresRead More","og_url":"https:\/\/ciranda.direito.ufmg.br\/index.php\/editais\/","og_site_name":"Ciranda","article_publisher":"https:\/\/www.facebook.com\/cirandaufmg\/","article_modified_time":"2020-06-24T15:53:43+00:00","twitter_card":"summary_large_image","schema":{"@context":"https:\/\/schema.org","@graph":[{"@type":"WebPage","@id":"https:\/\/ciranda.direito.ufmg.br\/index.php\/editais\/","url":"https:\/\/ciranda.direito.ufmg.br\/index.php\/editais\/","name":"Editais - Ciranda","isPartOf":{"@id":"https:\/\/ciranda.direito.ufmg.br\/#website"},"datePublished":"2017-11-17T15:43:32+00:00","dateModified":"2020-06-24T15:53:43+00:00","breadcrumb":{"@id":"https:\/\/ciranda.direito.ufmg.br\/index.php\/editais\/#breadcrumb"},"inLanguage":"pt-BR","potentialAction":[{"@type":"ReadAction","target":["https:\/\/ciranda.direito.ufmg.br\/index.php\/editais\/"]}]},{"@type":"BreadcrumbList","@id":"https:\/\/ciranda.direito.ufmg.br\/index.php\/editais\/#breadcrumb","itemListElement":[{"@type":"ListItem","position":1,"name":"In\u00edcio","item":"https:\/\/ciranda.direito.ufmg.br\/"},{"@type":"ListItem","position":2,"name":"Editais"}]},{"@type":"WebSite","@id":"https:\/\/ciranda.direito.ufmg.br\/#website","url":"https:\/\/ciranda.direito.ufmg.br\/","name":"Ciranda","description":"Justi\u00e7a Restaurativa","publisher":{"@id":"https:\/\/ciranda.direito.ufmg.br\/#organization"},"potentialAction":[{"@type":"SearchAction","target":{"@type":"EntryPoint","urlTemplate":"https:\/\/ciranda.direito.ufmg.br\/?s={search_term_string}"},"query-input":{"@type":"PropertyValueSpecification","valueRequired":true,"valueName":"search_term_string"}}],"inLanguage":"pt-BR"},{"@type":"Organization","@id":"https:\/\/ciranda.direito.ufmg.br\/#organization","name":"Ciranda","url":"https:\/\/ciranda.direito.ufmg.br\/","logo":{"@type":"ImageObject","inLanguage":"pt-BR","@id":"https:\/\/ciranda.direito.ufmg.br\/#\/schema\/logo\/image\/","url":"https:\/\/ciranda.direito.ufmg.br\/wp-content\/uploads\/2018\/08\/ciranda-logo-com-nome.png","contentUrl":"https:\/\/ciranda.direito.ufmg.br\/wp-content\/uploads\/2018\/08\/ciranda-logo-com-nome.png","width":840,"height":700,"caption":"Ciranda"},"image":{"@id":"https:\/\/ciranda.direito.ufmg.br\/#\/schema\/logo\/image\/"},"sameAs":["https:\/\/www.facebook.com\/cirandaufmg\/","https:\/\/www.instagram.com\/cirandaufmg\/"]}]}},"_links":{"self":[{"href":"https:\/\/ciranda.direito.ufmg.br\/index.php\/wp-json\/wp\/v2\/pages\/1516","targetHints":{"allow":["GET"]}}],"collection":[{"href":"https:\/\/ciranda.direito.ufmg.br\/index.php\/wp-json\/wp\/v2\/pages"}],"about":[{"href":"https:\/\/ciranda.direito.ufmg.br\/index.php\/wp-json\/wp\/v2\/types\/page"}],"author":[{"embeddable":true,"href":"https:\/\/ciranda.direito.ufmg.br\/index.php\/wp-json\/wp\/v2\/users\/1"}],"replies":[{"embeddable":true,"href":"https:\/\/ciranda.direito.ufmg.br\/index.php\/wp-json\/wp\/v2\/comments?post=1516"}],"version-history":[{"count":0,"href":"https:\/\/ciranda.direito.ufmg.br\/index.php\/wp-json\/wp\/v2\/pages\/1516\/revisions"}],"wp:attachment":[{"href":"https:\/\/ciranda.direito.ufmg.br\/index.php\/wp-json\/wp\/v2\/media?parent=1516"}],"curies":[{"name":"wp","href":"https:\/\/api.w.org\/{rel}","templated":true}]}}

<h3>Edital Nº 01/2018 &#8211; Processo Seletivo para admissão de Pesquisadores e Extensionistas</h3>
<p><a href="https://ciranda.direito.ufmg.br/wp-content/uploads/2018/09/Edital-01-2018-Pesquisadoraor-e-Extensionista-Ciranda.pdf">Edital Nº 01/2018 &#8211; Pesquisadores e Extensionistas Ciranda</a></p>
<p><a href="https://ciranda.direito.ufmg.br/wp-content/uploads/2018/09/Retificação-Edital-voluntário-Ciranda.pdf">Retificação Edital Nº 01/2018</a></p>
<p><a href="https://ciranda.direito.ufmg.br/wp-content/uploads/2018/09/Resultado-Final-Edital-voluntário-Ciranda.pdf">Resultado Final &#8211; Edital Nº 01/2018</a></p>
<p><a href="https://ciranda.direito.ufmg.br/wp-content/uploads/2019/08/PROCESSO-SELETIVO-PARA-ADMISSÃO-DE-PESQUISADOR-E-EXTENSIONISTA-VOLUNTÁRIO-1.pdf">Edital Nº 01/2019 &#8211; Pesquisadores e Extensionistas Ciranda</a></p>

<p><a href="https://ciranda.direito.ufmg.br/wp-content/uploads/2019/09/Resultado-Final-Edital-2019.pdf">Resultado Final &#8211; Edital Nº 01/2019</a></p>
<p><a href="https://ciranda.direito.ufmg.br/wp-content/uploads/2020/03/Edital-2020.pdf">Edital Nº 01/2020 &#8211; Pesquisadores e Extensionistas Ciranda</a></p>



<div class="wp-block-file"><a href="https://ciranda.direito.ufmg.br/wp-content/uploads/2020/03/Retificação-do-Edital-para-Seleção-de-Novos-Pesquisadores-e-Extensionistas-2020-5.pdf">Retificação do Edital Nº01/2020 &#8211; Pesquisadores e Extensionistas Ciranda </a><a href="https://ciranda.direito.ufmg.br/wp-content/uploads/2020/03/Retificação-do-Edital-para-Seleção-de-Novos-Pesquisadores-e-Extensionistas-2020-5.pdf"></a>
<div class="wp-block-file"><a href="https://ciranda.direito.ufmg.br/wp-content/uploads/2020/03/Retificação-Suspenção-do-Edital-2020-2.pdf">Retificação do Edital Nº01/2020 &#8211; Pesquisadores e Extensionistas Ciranda &#8211; Suspenção</a><a href="https://ciranda.direito.ufmg.br/wp-content/uploads/2020/03/Retificação-Suspenção-do-Edital-2020-2.pdf"> 

</a>
<p>&nbsp;</p>
<p><a href="https://ciranda.direito.ufmg.br/wp-content/uploads/2020/03/Edital-20201.pdf">Versão Final Edital 2020 Nº01/2020 &#8211; Pesquisadores e Extensionistas Ciranda</a></p>
<p><a href="https://ciranda.direito.ufmg.br/wp-content/uploads/2020/06/Resultado-Final-Edital-2020.pdf"><span style="font-size: 14pt;">Resultado Final &#8211; Edital 2020</span></a></p>
<a href="https://ciranda.direito.ufmg.br/wp-content/uploads/2020/03/Retificação-Suspenção-do-Edital-2020-2.pdf"></a></div>
</div>

<p>Edital Nº 01/2018 &#8211; Processo Seletivo para admissão de Pesquisadores e Extensionistas Edital Nº 01/2018 &#8211; Pesquisadores e Extensionistas Ciranda Retificação Edital Nº 01/2018 Resultado Final &#8211; Edital Nº 01/2018 Edital Nº 01/2019 &#8211; Pesquisadores<br /><a class="read-more" href="https://ciranda.direito.ufmg.br/index.php/editais/">Read More</a></p>

<!-- This site is optimized with the Yoast SEO plugin v25.3 - https://yoast.com/wordpress/plugins/seo/ -->
<title>Editais - Ciranda</title>
<meta name="robots" content="index, follow, max-snippet:-1, max-image-preview:large, max-video-preview:-1" />
<link rel="canonical" href="https://ciranda.direito.ufmg.br/index.php/editais/" />
<meta property="og:locale" content="pt_BR" />
<meta property="og:type" content="article" />
<meta property="og:title" content="Editais - Ciranda" />
<meta property="og:description" content="Edital Nº 01/2018 &#8211; Processo Seletivo para admissão de Pesquisadores e Extensionistas Edital Nº 01/2018 &#8211; Pesquisadores e Extensionistas Ciranda Retificação Edital Nº 01/2018 Resultado Final &#8211; Edital Nº 01/2018 Edital Nº 01/2019 &#8211; PesquisadoresRead More" />
<meta property="og:url" content="https://ciranda.direito.ufmg.br/index.php/editais/" />
<meta property="og:site_name" content="Ciranda" />
<meta property="article:publisher" content="https://www.facebook.com/cirandaufmg/" />
<meta property="article:modified_time" content="2020-06-24T15:53:43+00:00" />
<meta name="twitter:card" content="summary_large_image" />
<script type="application/ld+json" class="yoast-schema-graph">{"@context":"https://schema.org","@graph":[{"@type":"WebPage","@id":"https://ciranda.direito.ufmg.br/index.php/editais/","url":"https://ciranda.direito.ufmg.br/index.php/editais/","name":"Editais - Ciranda","isPartOf":{"@id":"https://ciranda.direito.ufmg.br/#website"},"datePublished":"2017-11-17T15:43:32+00:00","dateModified":"2020-06-24T15:53:43+00:00","breadcrumb":{"@id":"https://ciranda.direito.ufmg.br/index.php/editais/#breadcrumb"},"inLanguage":"pt-BR","potentialAction":[{"@type":"ReadAction","target":["https://ciranda.direito.ufmg.br/index.php/editais/"]}]},{"@type":"BreadcrumbList","@id":"https://ciranda.direito.ufmg.br/index.php/editais/#breadcrumb","itemListElement":[{"@type":"ListItem","position":1,"name":"Início","item":"https://ciranda.direito.ufmg.br/"},{"@type":"ListItem","position":2,"name":"Editais"}]},{"@type":"WebSite","@id":"https://ciranda.direito.ufmg.br/#website","url":"https://ciranda.direito.ufmg.br/","name":"Ciranda","description":"Justiça Restaurativa","publisher":{"@id":"https://ciranda.direito.ufmg.br/#organization"},"potentialAction":[{"@type":"SearchAction","target":{"@type":"EntryPoint","urlTemplate":"https://ciranda.direito.ufmg.br/?s={search_term_string}"},"query-input":{"@type":"PropertyValueSpecification","valueRequired":true,"valueName":"search_term_string"}}],"inLanguage":"pt-BR"},{"@type":"Organization","@id":"https://ciranda.direito.ufmg.br/#organization","name":"Ciranda","url":"https://ciranda.direito.ufmg.br/","logo":{"@type":"ImageObject","inLanguage":"pt-BR","@id":"https://ciranda.direito.ufmg.br/#/schema/logo/image/","url":"https://ciranda.direito.ufmg.br/wp-content/uploads/2018/08/ciranda-logo-com-nome.png","contentUrl":"https://ciranda.direito.ufmg.br/wp-content/uploads/2018/08/ciranda-logo-com-nome.png","width":840,"height":700,"caption":"Ciranda"},"image":{"@id":"https://ciranda.direito.ufmg.br/#/schema/logo/image/"},"sameAs":["https://www.facebook.com/cirandaufmg/","https://www.instagram.com/cirandaufmg/"]}]}</script>
<!-- / Yoast SEO plugin. -->

Edital Nº 01/2018 &#8211; Processo Seletivo para admissão de Pesquisadores e Extensionistas Edital Nº 01/2018 &#8211; Pesquisadores e Extensionistas Ciranda Retificação Edital Nº 01/2018 Resultado Final &#8211; Edital Nº 01/2018 Edital Nº 01/2019 &#8211; PesquisadoresRead More

Início

Justiça Restaurativa
