{"id":1504,"date":"2017-11-17T13:40:53","date_gmt":"2017-11-17T15:40:53","guid":{"rendered":"http:\/\/150.164.104.182:8080\/direito\/?page_id=1504"},"modified":"2020-04-28T13:35:17","modified_gmt":"2020-04-28T16:35:17","slug":"oficinas","status":"publish","type":"page","link":"https:\/\/ciranda.direito.ufmg.br\/index.php\/oficinas\/","title":{"rendered":"Oficinas"},"content":{"rendered":"<p class=\"western\" style=\"text-align: justify;\" align=\"JUSTIFY\"><span style=\"color: #222222; font-family: times new roman,times,serif; font-size: 14pt;\">O Ciranda oferece recorrentemente Oficinas de Comunica\u00e7\u00e3o n\u00e3o Violenta, com dura\u00e7\u00e3o m\u00e9dia de 4 horas. Nos \u00faltimos anos, foram ministradas diversas oficinas para universidades, escolas, servidores p\u00fablicos, recuperandos da APAC, agentes socioeducativos, agentes da sa\u00fade, educa\u00e7\u00e3o, assist\u00eancia, guarda municipal, dentre outros.<\/span><\/p>\n<p class=\"western\" style=\"text-align: justify;\" align=\"JUSTIFY\"><span style=\"color: #222222; font-family: times new roman,times,serif; font-size: 14pt;\">Nas oficinas os participantes s\u00e3o apresentados a uma introdu\u00e7\u00e3o te\u00f3rica sobre comunica\u00e7\u00e3o n\u00e3o violenta e desenvolvem exerc\u00edcios pr\u00e1ticos para que possam elaborar suas observa\u00e7\u00f5es sem julgamentos, se responsabilizar pelos seus sentimentos e atos, formular um pedido que contenha suas necessidades de forma espec\u00edfica, clara e honesta, bem como treinar a escuta ativa e emp\u00e1tica. O objetivo do curso \u00e9 contribuir para a transforma\u00e7\u00e3o de conflitos, para o desenvolvimento do di\u00e1logo nas rela\u00e7\u00f5es interpessoais, o respeito ao outro e alteridade.<\/span><\/p>\n<p class=\"western\" style=\"text-align: justify;\" align=\"JUSTIFY\"><span style=\"color: #222222; font-family: times new roman,times,serif; font-size: 14pt;\"><b>O que \u00e9 CNV?<\/b><\/span><\/p>\n<p class=\"western\" style=\"text-align: justify;\" align=\"JUSTIFY\"><span style=\"color: #777777; font-family: times new roman,times,serif; font-size: 14pt;\"><b>A comunica\u00e7\u00e3o n\u00e3o-violenta (CNV) \u00e9 uma t\u00e9cnica que auxilia a comunica\u00e7\u00e3o compassiva e o exerc\u00edcio de escuta ativa, qualificando a inter-rela\u00e7\u00e3o da comunidade de falantes. Criada por Marshall Rosenberg, psic\u00f3logo norte-americano fundador do Center for Nonviolent Communication (CNVC, Centro de Comunica\u00e7\u00e3o N\u00e3o Violenta), a CNV \u00e9 reconhecida no mundo todo como uma forma pr\u00e1tica e eficiente de melhorar as rela\u00e7\u00f5es pessoais e transformar conflitos por meio do desenvolvimento de express\u00e3o aut\u00eantica e honesta com uma escuta profunda e emp\u00e1tica.<\/b><\/span><\/p>\n<p class=\"western\" style=\"text-align: justify;\" align=\"JUSTIFY\"><span style=\"color: #222222; font-family: times new roman,times,serif; font-size: 14pt;\">Como fa\u00e7o para participar de e\/ou encomendar Oficinas?<\/span><\/p>\n<p class=\"western\" style=\"text-align: justify;\" align=\"JUSTIFY\"><span style=\"color: #222222; font-family: times new roman,times,serif; font-size: 14pt;\">Ao longo do ano disponibilizaremos oficinas abertas ao p\u00fablico em geral. <\/span><\/p>\n<p class=\"western\" style=\"text-align: justify;\" align=\"JUSTIFY\"><span style=\"font-family: times new roman,times,serif; font-size: 14pt;\"><span style=\"color: #222222;\">Confira na nossa p\u00e1gina do Sympla se h\u00e1 alguma oficina com inscri\u00e7\u00f5es abertas: <\/span><a href=\"https:\/\/www.sympla.com.br\/cirandaufmg\"><span style=\"color: #1155cc;\"><u>CLIQUE AQUI<\/u><\/span><\/a><span style=\"color: #222222;\"> .<\/span><\/span><\/p>\n<p class=\"western\" style=\"text-align: justify;\" align=\"JUSTIFY\"><span style=\"font-family: times new roman,times,serif; font-size: 14pt;\"><span style=\"color: #222222;\">Caso voc\u00ea represente um grupo ou uma institui\u00e7\u00e3o e deseja nos encomendar uma oficina personalizada para as suas necessidades entre em contato conosco pelo e-mail <\/span><a href=\"mailto:ciranda@direito.ufmg.br\"><span style=\"color: #1155cc;\"><u>ciranda@direito.ufmg.br<\/u><\/span><\/a><span style=\"color: #222222;\"> .<\/span><\/span><\/p>\n","protected":false},"excerpt":{"rendered":"<p>O Ciranda oferece recorrentemente Oficinas de Comunica\u00e7\u00e3o n\u00e3o Violenta, com dura\u00e7\u00e3o m\u00e9dia de 4 horas. Nos \u00faltimos anos, foram ministradas diversas oficinas para universidades, escolas, servidores p\u00fablicos, recuperandos da APAC, agentes socioeducativos, agentes da sa\u00fade,<br \/><a class=\"read-more\" href=\"https:\/\/ciranda.direito.ufmg.br\/index.php\/oficinas\/\">Read More<\/a><\/p>\n","protected":false},"author":1,"featured_media":0,"parent":0,"menu_order":0,"comment_status":"closed","ping_status":"closed","template":"","meta":{"footnotes":""},"class_list":["post-1504","page","type-page","status-publish","hentry"],"yoast_head":"<!-- This site is optimized with the Yoast SEO plugin v25.3 - https:\/\/yoast.com\/wordpress\/plugins\/seo\/ -->\n<title>Oficinas - Ciranda<\/title>\n<meta name=\"robots\" content=\"index, follow, max-snippet:-1, max-image-preview:large, max-video-preview:-1\" \/>\n<link rel=\"canonical\" href=\"https:\/\/ciranda.direito.ufmg.br\/index.php\/oficinas\/\" \/>\n<meta property=\"og:locale\" content=\"pt_BR\" \/>\n<meta property=\"og:type\" content=\"article\" \/>\n<meta property=\"og:title\" content=\"Oficinas - Ciranda\" \/>\n<meta property=\"og:description\" content=\"O Ciranda oferece recorrentemente Oficinas de Comunica\u00e7\u00e3o n\u00e3o Violenta, com dura\u00e7\u00e3o m\u00e9dia de 4 horas. Nos \u00faltimos anos, foram ministradas diversas oficinas para universidades, escolas, servidores p\u00fablicos, recuperandos da APAC, agentes socioeducativos, agentes da sa\u00fade,Read More\" \/>\n<meta property=\"og:url\" content=\"https:\/\/ciranda.direito.ufmg.br\/index.php\/oficinas\/\" \/>\n<meta property=\"og:site_name\" content=\"Ciranda\" \/>\n<meta property=\"article:publisher\" content=\"https:\/\/www.facebook.com\/cirandaufmg\/\" \/>\n<meta property=\"article:modified_time\" content=\"2020-04-28T16:35:17+00:00\" \/>\n<meta name=\"twitter:card\" content=\"summary_large_image\" \/>\n<meta name=\"twitter:label1\" content=\"Est. tempo de leitura\" \/>\n\t<meta name=\"twitter:data1\" content=\"2 minutos\" \/>\n<script type=\"application\/ld+json\" class=\"yoast-schema-graph\">{\"@context\":\"https:\/\/schema.org\",\"@graph\":[{\"@type\":\"WebPage\",\"@id\":\"https:\/\/ciranda.direito.ufmg.br\/index.php\/oficinas\/\",\"url\":\"https:\/\/ciranda.direito.ufmg.br\/index.php\/oficinas\/\",\"name\":\"Oficinas - Ciranda\",\"isPartOf\":{\"@id\":\"https:\/\/ciranda.direito.ufmg.br\/#website\"},\"datePublished\":\"2017-11-17T15:40:53+00:00\",\"dateModified\":\"2020-04-28T16:35:17+00:00\",\"breadcrumb\":{\"@id\":\"https:\/\/ciranda.direito.ufmg.br\/index.php\/oficinas\/#breadcrumb\"},\"inLanguage\":\"pt-BR\",\"potentialAction\":[{\"@type\":\"ReadAction\",\"target\":[\"https:\/\/ciranda.direito.ufmg.br\/index.php\/oficinas\/\"]}]},{\"@type\":\"BreadcrumbList\",\"@id\":\"https:\/\/ciranda.direito.ufmg.br\/index.php\/oficinas\/#breadcrumb\",\"itemListElement\":[{\"@type\":\"ListItem\",\"position\":1,\"name\":\"In\u00edcio\",\"item\":\"https:\/\/ciranda.direito.ufmg.br\/\"},{\"@type\":\"ListItem\",\"position\":2,\"name\":\"Oficinas\"}]},{\"@type\":\"WebSite\",\"@id\":\"https:\/\/ciranda.direito.ufmg.br\/#website\",\"url\":\"https:\/\/ciranda.direito.ufmg.br\/\",\"name\":\"Ciranda\",\"description\":\"Justi\u00e7a Restaurativa\",\"publisher\":{\"@id\":\"https:\/\/ciranda.direito.ufmg.br\/#organization\"},\"potentialAction\":[{\"@type\":\"SearchAction\",\"target\":{\"@type\":\"EntryPoint\",\"urlTemplate\":\"https:\/\/ciranda.direito.ufmg.br\/?s={search_term_string}\"},\"query-input\":{\"@type\":\"PropertyValueSpecification\",\"valueRequired\":true,\"valueName\":\"search_term_string\"}}],\"inLanguage\":\"pt-BR\"},{\"@type\":\"Organization\",\"@id\":\"https:\/\/ciranda.direito.ufmg.br\/#organization\",\"name\":\"Ciranda\",\"url\":\"https:\/\/ciranda.direito.ufmg.br\/\",\"logo\":{\"@type\":\"ImageObject\",\"inLanguage\":\"pt-BR\",\"@id\":\"https:\/\/ciranda.direito.ufmg.br\/#\/schema\/logo\/image\/\",\"url\":\"https:\/\/ciranda.direito.ufmg.br\/wp-content\/uploads\/2018\/08\/ciranda-logo-com-nome.png\",\"contentUrl\":\"https:\/\/ciranda.direito.ufmg.br\/wp-content\/uploads\/2018\/08\/ciranda-logo-com-nome.png\",\"width\":840,\"height\":700,\"caption\":\"Ciranda\"},\"image\":{\"@id\":\"https:\/\/ciranda.direito.ufmg.br\/#\/schema\/logo\/image\/\"},\"sameAs\":[\"https:\/\/www.facebook.com\/cirandaufmg\/\",\"https:\/\/www.instagram.com\/cirandaufmg\/\"]}]}<\/script>\n<!-- \/ Yoast SEO plugin. -->","yoast_head_json":{"title":"Oficinas - Ciranda","robots":{"index":"index","follow":"follow","max-snippet":"max-snippet:-1","max-image-preview":"max-image-preview:large","max-video-preview":"max-video-preview:-1"},"canonical":"https:\/\/ciranda.direito.ufmg.br\/index.php\/oficinas\/","og_locale":"pt_BR","og_type":"article","og_title":"Oficinas - Ciranda","og_description":"O Ciranda oferece recorrentemente Oficinas de Comunica\u00e7\u00e3o n\u00e3o Violenta, com dura\u00e7\u00e3o m\u00e9dia de 4 horas. Nos \u00faltimos anos, foram ministradas diversas oficinas para universidades, escolas, servidores p\u00fablicos, recuperandos da APAC, agentes socioeducativos, agentes da sa\u00fade,Read More","og_url":"https:\/\/ciranda.direito.ufmg.br\/index.php\/oficinas\/","og_site_name":"Ciranda","article_publisher":"https:\/\/www.facebook.com\/cirandaufmg\/","article_modified_time":"2020-04-28T16:35:17+00:00","twitter_card":"summary_large_image","twitter_misc":{"Est. tempo de leitura":"2 minutos"},"schema":{"@context":"https:\/\/schema.org","@graph":[{"@type":"WebPage","@id":"https:\/\/ciranda.direito.ufmg.br\/index.php\/oficinas\/","url":"https:\/\/ciranda.direito.ufmg.br\/index.php\/oficinas\/","name":"Oficinas - Ciranda","isPartOf":{"@id":"https:\/\/ciranda.direito.ufmg.br\/#website"},"datePublished":"2017-11-17T15:40:53+00:00","dateModified":"2020-04-28T16:35:17+00:00","breadcrumb":{"@id":"https:\/\/ciranda.direito.ufmg.br\/index.php\/oficinas\/#breadcrumb"},"inLanguage":"pt-BR","potentialAction":[{"@type":"ReadAction","target":["https:\/\/ciranda.direito.ufmg.br\/index.php\/oficinas\/"]}]},{"@type":"BreadcrumbList","@id":"https:\/\/ciranda.direito.ufmg.br\/index.php\/oficinas\/#breadcrumb","itemListElement":[{"@type":"ListItem","position":1,"name":"In\u00edcio","item":"https:\/\/ciranda.direito.ufmg.br\/"},{"@type":"ListItem","position":2,"name":"Oficinas"}]},{"@type":"WebSite","@id":"https:\/\/ciranda.direito.ufmg.br\/#website","url":"https:\/\/ciranda.direito.ufmg.br\/","name":"Ciranda","description":"Justi\u00e7a Restaurativa","publisher":{"@id":"https:\/\/ciranda.direito.ufmg.br\/#organization"},"potentialAction":[{"@type":"SearchAction","target":{"@type":"EntryPoint","urlTemplate":"https:\/\/ciranda.direito.ufmg.br\/?s={search_term_string}"},"query-input":{"@type":"PropertyValueSpecification","valueRequired":true,"valueName":"search_term_string"}}],"inLanguage":"pt-BR"},{"@type":"Organization","@id":"https:\/\/ciranda.direito.ufmg.br\/#organization","name":"Ciranda","url":"https:\/\/ciranda.direito.ufmg.br\/","logo":{"@type":"ImageObject","inLanguage":"pt-BR","@id":"https:\/\/ciranda.direito.ufmg.br\/#\/schema\/logo\/image\/","url":"https:\/\/ciranda.direito.ufmg.br\/wp-content\/uploads\/2018\/08\/ciranda-logo-com-nome.png","contentUrl":"https:\/\/ciranda.direito.ufmg.br\/wp-content\/uploads\/2018\/08\/ciranda-logo-com-nome.png","width":840,"height":700,"caption":"Ciranda"},"image":{"@id":"https:\/\/ciranda.direito.ufmg.br\/#\/schema\/logo\/image\/"},"sameAs":["https:\/\/www.facebook.com\/cirandaufmg\/","https:\/\/www.instagram.com\/cirandaufmg\/"]}]}},"_links":{"self":[{"href":"https:\/\/ciranda.direito.ufmg.br\/index.php\/wp-json\/wp\/v2\/pages\/1504","targetHints":{"allow":["GET"]}}],"collection":[{"href":"https:\/\/ciranda.direito.ufmg.br\/index.php\/wp-json\/wp\/v2\/pages"}],"about":[{"href":"https:\/\/ciranda.direito.ufmg.br\/index.php\/wp-json\/wp\/v2\/types\/page"}],"author":[{"embeddable":true,"href":"https:\/\/ciranda.direito.ufmg.br\/index.php\/wp-json\/wp\/v2\/users\/1"}],"replies":[{"embeddable":true,"href":"https:\/\/ciranda.direito.ufmg.br\/index.php\/wp-json\/wp\/v2\/comments?post=1504"}],"version-history":[{"count":0,"href":"https:\/\/ciranda.direito.ufmg.br\/index.php\/wp-json\/wp\/v2\/pages\/1504\/revisions"}],"wp:attachment":[{"href":"https:\/\/ciranda.direito.ufmg.br\/index.php\/wp-json\/wp\/v2\/media?parent=1504"}],"curies":[{"name":"wp","href":"https:\/\/api.w.org\/{rel}","templated":true}]}}